{"id":2218,"date":"2021-12-18T11:56:25","date_gmt":"2021-12-18T10:56:25","guid":{"rendered":"https:\/\/networkinschool.icvalnegra.edu.it\/?post_type=scuole&#038;p=2218"},"modified":"2022-03-16T16:01:02","modified_gmt":"2022-03-16T15:01:02","slug":"col-legi-sant-miquel-dels-sants-cataluna-es","status":"publish","type":"scuole","link":"https:\/\/networkinschool.icvalnegra.edu.it\/en\/scuole\/col-legi-sant-miquel-dels-sants-cataluna-es","title":{"rendered":"Col-legi Sant Miquel dels Sants &#8211; Cataluna (ES)"},"content":{"rendered":"<p>El Col\u00b7legi Sant Miquel dels Sants est\u00e0 compost per dos complexos educatius: un d\u2019educaci\u00f3 infantil i prim\u00e0ria (elpetitmiquel) i un altre d\u2019Educaci\u00f3 secund\u00e0ria i Batxillerat.<\/p>\n<p><em>La scuola Sant Miquel dels Sants \u00e8 composta da due complessi educativi: uno per i bambini e l&#8217;istruzione primaria\u00a0(elpetitmiquel)\u00a0e un altro per l&#8217;istruzione secondaria e il liceo<\/em>.<\/p>\n<p>***<\/p>\n<p>El Col\u00b7legi Sant Miquel dels Sants (Vic -Barcelona),\u00a0fundat l\u2019any 1862, \u00e9s una escola integrada que imparteix les etapes d&#8217;educaci\u00f3 infantil (3-6 anys), prim\u00e0ria (7-12 anys), secund\u00e0ria (13-16 anys) i batxillerat (17-18 anys).<\/p>\n<p>El centre promou les Humanitats, la Ci\u00e8ncia, l&#8217;Art, la Internacionalitat i la Recerca, sempre des del comprom\u00eds i el respecte cap a la comunitat. Des del Col\u00b7legi Sant Miquel dels Sants s&#8217;incentiven capacitats i responsabilitats que van m\u00e9s enll\u00e0 de l&#8217;\u00e0mbit educatiu com la reflexi\u00f3, la mentalitat oberta, la solidaritat, la comunicaci\u00f3, la integritat, la informaci\u00f3, la indagaci\u00f3, l&#8217;aud\u00e0cia, l&#8217;equilibri i el pensament cr\u00edtic.<\/p>\n<p>El Col\u00b7legi Sant Miquel dels Sants \u00e9s una escola oberta als infants, a l&#8217;alumnat, a les fam\u00edlies, a la ciutat de Vic i a la comarca d&#8217;Osona. \u00c9s una escola oberta al saber. D&#8217;aqu\u00ed que el centre ofereix propostes m\u00e9s enll\u00e0 de l&#8217;educaci\u00f3 formal. L&#8217;escola d&#8217;idiomes, l&#8217;escola de mares i pares i l&#8217;escola d&#8217;estiu en s\u00f3n un exemple.<\/p>\n<p>&nbsp;<\/p>\n<p><em>La Scuola Sant Miquel dels Sants (Vic -Barcellona), fondata nel 1862, \u00e8 una scuola integrata che insegna le fasi dell&#8217;educazione infantile (3-6 anni), primaria (7-12 anni), secondaria (13 -16 anni) e liceo (17-18 anni).<\/em><\/p>\n<p><em>Il centro promuove le discipline umanistiche, scientifiche, artistiche, internazionalistiche e di ricerca, sempre con impegno e rispetto per la comunit\u00e0. La scuola Sant Miquel dels Sants incoraggia l\u2019abilit\u00e0 e la responsabilit\u00e0 che vanno oltre il campo educativo come la riflessione, l&#8217;apertura, la solidariet\u00e0, la comunicazione, l&#8217;integrit\u00e0, l&#8217;informazione, la ricerca, l&#8217;audacia, l&#8217;equilibrio e il pensiero critico.<\/em><\/p>\n<p><em>Sant Miquel dels Sants \u00e8 una scuola aperta a bambini, studenti, famiglie, della citt\u00e0 di Vic. \u00c8 una scuola aperta alla conoscenza. Quindi il centro offre proposte oltre l&#8217;istruzione formale. La scuola di lingue, la scuola dei genitori e la scuola estiva sono esempi.<\/em><\/p>\n<p>&nbsp;<\/p>\n<p><a href=\"https:\/\/www.santmiqueldelssants.cat\/\">https:\/\/www.santmiqueldelssants.cat\/<\/a><\/p>\n<p><a href=\"https:\/\/www.elpetitmiquel.cat\/\">https:\/\/www.elpetitmiquel.cat\/<\/a><\/p>\n<p><strong>Contatti<\/strong><br \/>\nCarrer de Jaume I el Conqueridor, 11, 08500 Vic, Barcelona, Spain<br \/>\nTel: <a href=\"tel:+34938861244\">+34 938 86 12 44<\/a> &#8211; email: <a href=\"mailto:iroviro@santmiqueldelssants.cat\">iroviro@santmiqueldelssants.cat<\/a><br \/>\nSito Web: <a href=\"https:\/\/www.santmiqueldelssants.cat\/\" target=\"_blank\" rel=\"noopener\">santmiqueldelssants.cat<\/a><\/p>\n","protected":false},"excerpt":{"rendered":"<p>El Col\u00b7legi Sant Miquel dels Sants est\u00e0 compost per dos complexos educatius: un d\u2019educaci\u00f3 infantil i prim\u00e0ria (elpetitmiquel) i un&#8230;<\/p>\n","protected":false},"featured_media":2905,"template":"","class_list":["post-2218","scuole","type-scuole","status-publish","has-post-thumbnail","hentry"],"_links":{"self":[{"href":"https:\/\/networkinschool.icvalnegra.edu.it\/en\/wp-json\/wp\/v2\/scuole\/2218","targetHints":{"allow":["GET"]}}],"collection":[{"href":"https:\/\/networkinschool.icvalnegra.edu.it\/en\/wp-json\/wp\/v2\/scuole"}],"about":[{"href":"https:\/\/networkinschool.icvalnegra.edu.it\/en\/wp-json\/wp\/v2\/types\/scuole"}],"wp:featuredmedia":[{"embeddable":true,"href":"https:\/\/networkinschool.icvalnegra.edu.it\/en\/wp-json\/wp\/v2\/media\/2905"}],"wp:attachment":[{"href":"https:\/\/networkinschool.icvalnegra.edu.it\/en\/wp-json\/wp\/v2\/media?parent=2218"}],"curies":[{"name":"wp","href":"https:\/\/api.w.org\/{rel}","templated":true}]}}

<p>El Col·legi Sant Miquel dels Sants està compost per dos complexos educatius: un d’educació infantil i primària (elpetitmiquel) i un altre d’Educació secundària i Batxillerat.</p>
<p><em>La scuola Sant Miquel dels Sants è composta da due complessi educativi: uno per i bambini e l&#8217;istruzione primaria (elpetitmiquel) e un altro per l&#8217;istruzione secondaria e il liceo</em>.</p>
<p>***</p>
<p>El Col·legi Sant Miquel dels Sants (Vic -Barcelona), fundat l’any 1862, és una escola integrada que imparteix les etapes d&#8217;educació infantil (3-6 anys), primària (7-12 anys), secundària (13-16 anys) i batxillerat (17-18 anys).</p>
<p>El centre promou les Humanitats, la Ciència, l&#8217;Art, la Internacionalitat i la Recerca, sempre des del compromís i el respecte cap a la comunitat. Des del Col·legi Sant Miquel dels Sants s&#8217;incentiven capacitats i responsabilitats que van més enllà de l&#8217;àmbit educatiu com la reflexió, la mentalitat oberta, la solidaritat, la comunicació, la integritat, la informació, la indagació, l&#8217;audàcia, l&#8217;equilibri i el pensament crític.</p>
<p>El Col·legi Sant Miquel dels Sants és una escola oberta als infants, a l&#8217;alumnat, a les famílies, a la ciutat de Vic i a la comarca d&#8217;Osona. És una escola oberta al saber. D&#8217;aquí que el centre ofereix propostes més enllà de l&#8217;educació formal. L&#8217;escola d&#8217;idiomes, l&#8217;escola de mares i pares i l&#8217;escola d&#8217;estiu en són un exemple.</p>
<p>&nbsp;</p>
<p><em>La Scuola Sant Miquel dels Sants (Vic -Barcellona), fondata nel 1862, è una scuola integrata che insegna le fasi dell&#8217;educazione infantile (3-6 anni), primaria (7-12 anni), secondaria (13 -16 anni) e liceo (17-18 anni).</em></p>
<p><em>Il centro promuove le discipline umanistiche, scientifiche, artistiche, internazionalistiche e di ricerca, sempre con impegno e rispetto per la comunità. La scuola Sant Miquel dels Sants incoraggia l’abilità e la responsabilità che vanno oltre il campo educativo come la riflessione, l&#8217;apertura, la solidarietà, la comunicazione, l&#8217;integrità, l&#8217;informazione, la ricerca, l&#8217;audacia, l&#8217;equilibrio e il pensiero critico.</em></p>
<p><em>Sant Miquel dels Sants è una scuola aperta a bambini, studenti, famiglie, della città di Vic. È una scuola aperta alla conoscenza. Quindi il centro offre proposte oltre l&#8217;istruzione formale. La scuola di lingue, la scuola dei genitori e la scuola estiva sono esempi.</em></p>
<p>&nbsp;</p>
<p><a href="https://www.santmiqueldelssants.cat/">https://www.santmiqueldelssants.cat/</a></p>
<p><a href="https://www.elpetitmiquel.cat/">https://www.elpetitmiquel.cat/</a></p>
<p><strong>Contatti</strong><br />
Carrer de Jaume I el Conqueridor, 11, 08500 Vic, Barcelona, Spain<br />
Tel: <a href="tel:+34938861244">+34 938 86 12 44</a> &#8211; email: <a href="mailto:iroviro@santmiqueldelssants.cat">iroviro@santmiqueldelssants.cat</a><br />
Sito Web: <a href="https://www.santmiqueldelssants.cat/" target="_blank" rel="noopener">santmiqueldelssants.cat</a></p>

<p>El Col·legi Sant Miquel dels Sants està compost per dos complexos educatius: un d’educació infantil i primària (elpetitmiquel) i un&#8230;</p>
